 v. Let r be g(0). Suppose -9*f + 12042 = -r*f. Suppose 9*a = 6*a + f. Is a a prime number?
False
Let w(u) = 295333*u**2 - 56*u - 56. Is w(-1) a composite number?
False
Suppose -r + 93 = -2079. Suppose -5*g + 5*j + 2320 = 0, 3*g + 785 = 4*j + r. Is g prime?
False
Is (-6 + (-6 - -13))*((-284572)/(-4))/1 prime?
True
Let h be (-2)/7 - (-451635)/105. Suppose -d + 4*m + 2173 = -0*m, m = -2*d + h. Is d composite?
False
Let u = 8741 - -6778. Let t = -6542 + u. Is t prime?
False
Let l be (2078/1 - -1)*(18 + -11). Let w = l - 9395. Suppose -w + 773 = -5*g. Is g composite?
False
Let f be (-672)/10 + 9/45. Let k = f + 71. Suppose 0 = -2*g + k*i + 4166, 0 = 2*g - 5*i - 2330 - 1841. Is g prime?
False
Let a = 43308 - -413177. Is a prime?
False
Let s be 564/1 + 0/3. Let j be (-5 - -3) + s/3. Is 80/32*j/5 composite?
True
Let g be 4/24*3 + (-3)/(-2). Suppose 0*k - g*k - 2*j = -14, 2*j - 8 = 0. Suppose 1188 = 3*n - k*v, -4*n + 1433 = v - 146. Is n prime?
False
Suppose 9*g - 43*g + 120666 = 0. Let v = g + 2210. Is v a prime number?
False
Suppose -5*c + 4*o = -o + 42875, c + 8578 = 4*o. Let f = -583 - c. Is f a prime number?
False
Let t = -68 - -27. Let r = 45 + t. Is -1 + -3*-86*r prime?
True
Let x(s) = 2 - 1 - 42*s + 0. Suppose 37 = -5*z + 3*p, 5*z - 57*p + 45 = -52*p. Is x(z) a composite number?
False
Suppose 0 = -149*y - 1873258 + 7049369. Is y composite?
False
Suppose m + 83 = -2*s, 0*s - 5*s - m = 206. Let x(z) = -z**3 - 17*z**2 - 22*z - 32. Let l be x(-16). Let h = s + l. Is h composite?
False
Let m(k) = -34*k**3 + 12*k**2 - k - 7. Let w be m(6). Let p = -4007 - w. Let t = 4180 - p. Is t composite?
True
Let w(u) = u**2 - 12*u - 6. Let b be w(-21). Let c = 1179 - b. Suppose z - 641 = c. Is z prime?
False
Let a(h) = 636*h - 5. Let j(r) = -635*r + 4. Let s(n) = -2*a(n) - 3*j(n). Is s(1) a prime number?
True
Let f = 13 - 16. Let y be (f + -98 + 0)/1. Let w = -4 - y. Is w composite?
False
Suppose 40*z = 41*z - 2*l - 11126, 5 = -5*l. Suppose -11169 = -c - 5*f + f, 0 = -c + 5*f + z. Is c prime?
True
Let f(z) = z**3 - 41*z**2 - 72*z + 59. Let h be f(43). Suppose -3*w - w + 4*b = 1964, -w = -3*b + 493. Let c = h - w. Is c composite?
False
Suppose 12*p = 21*p - 36. Suppose -4*b = -12, 4*z - p*b = 3306 - 250. Is z composite?
True
Is 384161 + 2*(-9 - 0) a composite number?
False
Suppose -14*l = -l - 1131. Suppose -l*m + 5595 = -84*m. Is m a composite number?
True
Let y = -41 + 48. Suppose -y*l + 6 = -6*l. Suppose 4*i + 5*z - 13509 = 0, z + 3396 = i + l*z. Is i a prime number?
True
Suppose 0 = -3*k + s + 123531, 82354 = 2*k - 49*s + 46*s. Is k prime?
True
Let n(v) = -7*v**3 - 3*v**2 + 29*v + 291. Is n(-16) prime?
False
Let p be 106/((1/19 + 0)*-2). Let f = p - -2489. Let i = f + -295. Is i a prime number?
True
Suppose 0 = 2*v + 3*z - 28246, -3*z - 42339 = -9*v + 6*v. Suppose 5*y = 3*t + 3785 - v, 0 = -3*t - 2*y + 10353. Is t a composite number?
False
Suppose 8*x - 243797 = 4*x + 5*d, -3*x + 182809 = 4*d. Is x prime?
True
Suppose 1 = -0*u + u. Suppose 2*n + u = -5. Is ((0 - 0) + 138)*n/(-9) prime?
False
Suppose 1654 + 2081 = 15*n. Suppose -t - f = -14357, -4*t - f = -57185 - n. Is t composite?
True
Suppose 580*l - 599*l + 11077 = 0. Is l prime?
False
Suppose 0 = 50*n + n - 2848299. Is n a prime number?
True
Suppose -6*z = -97 + 109. Is z/(-7) - 32775/(-21) prime?
False
Let z = -87903 + 348224. Is z composite?
True
Let p = 8878 + -4738. Suppose -p = -3*u + o, -3*u - 21*o = -18*o - 4128. Is u a composite number?
True
Let g(v) = 564*v - 1. Suppose -2*n - 6*n = -48. Suppose 10*p - n = 4*p. Is g(p) composite?
False
Suppose -6*u - 2293 - 329 = 0. Let p = u - -660. Is p prime?
True
Let r(x) = -50845*x - 831. Is r(-4) prime?
True
Suppose -31*v = -30*v + f - 9526, -f - 28582 = -3*v. Is v a composite number?
True
Let j = -16895 + 49668. Is j a prime number?
False
Let k = 78 + -80. Let n(u) = -286*u + 1. Let o be n(k). Suppose 2*q + 75 = o. Is q prime?
False
Let p(i) = -4*i + 3. Let w be p(-2). Let a be (w - 11)/(2*1/(-1)). Is (a + -754)/(-8 + 5 + 1) prime?
False
Let c(h) = 441*h - 9. Let o(n) = -1. Let w(x) = c(x) + 15*o(x). Let u be w(-3). Is u/4*40/(-15) a composite number?
True
Suppose 7*z = 6*z - 5, 0 = 2*j - z - 32467. Suppose -4*m + 5151 = t, -5*t + 9439 = 3*m - j. Is t a prime number?
False
Let v(h) = 1614*h**2 - 4*h - 4. Let t be v(2). Let a = 1777 + t. Is a a composite number?
False
Suppose 5*m - 5*d = 300590, -m + 4*d + 360714 = 5*m. Is m prime?
False
Let z be 3/6 - 21/42. Suppose 5*v - 67363 = -4*x, z*v = 4*x - 3*v - 67403. Is x a composite number?
True
Let j(y) = y**3 + 13*y**2 + y + 5. Let w be j(-13). Let b = w - -70. Let l = b + 53. Is l a composite number?
True
Let x = 546 + -601. Is x/(-385) + -2 + (-18828)/(-14) prime?
False
Let b = 15226 - 9999. Is b composite?
False
Suppose 2*h - 3*d = 50, 6*d + 50 = 2*h + 2*d. Let x = h + -22. Suppose -x*g + 328 = -281. Is g composite?
True
Is ((-17447199)/(-462))/(2/4) prime?
False
Let t(s) = 1 - 20 + 19 + s**2. Let f be t(2). Suppose -5*r = f*q - 659, 2*r = -3*q + 42 + 223. Is r composite?
False
Is (6 - 8)*((-8938641)/232)/(6/8) prime?
False
Is (-555596)/(-38) + (-133)/(-2527) prime?
True
Let s(d) = -d**3 - 20*d**2 - 26*d + 182. Let l be s(-18). Suppose 3*f - 6*v + 8*v - 22525 = 0, -2*v = l. Is f prime?
False
Let y(c) = 102*c - 87. Let k(x) = -51*x + 41. Let b(v) = 13*k(v) + 6*y(v). Suppose -2*u = -4*i - 16, -12 = 4*i - 0*i - 3*u. Is b(i) a prime number?
True
Let h be 2 - (-16)/(-2) - 24/(-6). Let s be (-26)/4 + (-1)/(h/1). Is -1*4/s*(-9066)/(-4) composite?
False
Let p(j) = -4 + 0*j**3 + 25*j + 21*j**2 - 2*j**3 + j**3 - 3. Is p(16) prime?
False
Let i be ((-6)/4)/(135/(-48) - -3). Let o be (i/(-20) - 0) + (-11124)/(-15). Suppose -3*s + 11 = -o. Is s a composite number?
False
Let c(y) = -218 - 2*y + y + 239. Let l be c(18). Suppose -1352 = -j - l*w, 2*j - 3*w - 2628 = 103. Is j a prime number?
True
Let t = 1517112 - 1030953. Is t a composite number?
True
Let k(r) = -27*r**3 + r**2 - 10*r - 61. Let q(m) = m**3 + 4*m**2 - 22*m - 15. Let f be q(-7). Is k(f) prime?
True
Suppose 936261 = j - v, 5*v = 2*j - 1204371 - 668163. Suppose 0 = 20*p + 306877 - j. Is p prime?
True
Suppose 74253 = -4*h - 11911. Let l = -34987 + h. Is l/(-28) + (8/4)/14 a composite number?
True
Let k(y) = y + 15. Let n be k(-13). Let v = -89 + 91. Suppose v*d - z + 12230 = 7*d, n*d - z = 4899. Is d prime?
True
Suppose 9*n - 1619387 = 4*n + 4*m, 2*n = m + 647756. Is n composite?
False
Suppose -5*i + 0*i - 2*c - 38 = 0, -2*c + 16 = -4*i. Is (-10777)/(-3) + (-4)/i a composite number?
False
Let k be (-3 - -4185) + 0*1/6. Suppose -i + k + 2813 = 0. Is i a prime number?
False
Suppose 0 = 36*o + 45880 + 160832. Let q = o + 13459. Is q a composite number?
False
Suppose -f = 3 - 0, -5*l + 2*f + 4066 = 0. Suppose 4*i - 6 = 2*i. Suppose -2*w = a - l - 3, -4*a - 1239 = -i*w. Is w a prime number?
True
Suppose -17*o + 19*o = 5*n - 1363953, 2*n + 5*o = 545587. Is n composite?
True
Suppose -4*f = 5*s - 19085 + 154576, -s + 1 = 0. Let o = f - -57539. Is o a composite number?
True
Let l(q) = 2*q**2 + 10*q - 12. Let f be l(-6). Suppose -3*k - 7272 = -7*k + 4*w, -4*k - 2*w + 7302 = f. Is k prime?
True
Let f = 384823 + -266380. Is f/12 + 6/8 a composite number?
False
Suppose -370452 = -2*v - 2*n, 4*v - 2*n - 554104 - 186770 = 0. Is v a prime number?
True
Let x(v) = -105*v + 3427. Is x(-92) a composite number?
True
Let c(j) = 569*j - 221. Let n(t) = -2*t - 1. Let q(g) = c(g) - 6*n(g). Is q(6) prime?
True
Let k = 347760 + -157373. Is k a prime number?
True
Let h(z) be the first derivative of z**4/2 - 5*z**3/3 + 2*z**2 - 12*z + 46. Is h(5) a composite number?
True
Let w be (4 + -1)*8475/(-3). Is ((-2)/(-3))/((-25435)/w + -3) prime?
False
Let q(l) = 6*l**2 + 10*l - 8. Suppose -48 + 13 = -5*w. Let s be q(w). Suppose 2*y - 338 - s = 0. Is y a prime number?
True
Let v(b) = 819*b - 8. Let o be v(11). Let c be (14/4 + -3)/(1/(-11184)). Let q = o + c. Is q prime?
False
Let y(d) = d**3 - 20*d**2 + 56*d - 84. Let v be y(17). Is 92570/4 + v/2 prime?
True
Suppose 4*b + j = 13080 - 4138, 0 = -3*b + 5*j + 6718. Let w = b + -553. Suppose -3*v - v = 4, -5*v = -2*f + w. Is f a composite number?
False
Let p be (0/1)/(12/6). Let v be (p - 7) + -2 + (-2)/2. Is (-4)/v + 588/5 composite?
True
Let n